What is the tens digit of f/(-20) - 62/(-5)?
1
Let x = -125 + 69. Let i be (4 + x/12)*6. What is the tens digit of (15/i)/((-6)/72)?
4
Let n(a) = -2*a**3 - 7*a**2 - 8*a - 12. Let u be n(-4). Suppose -35*y = -u*y + 119. What is the tens digit of y?
1
Suppose 0 = 5*f + 5 - 20. Suppose -13 + 4 = -f*x. Suppose -x*y = -40 - 5. What is the units digit of y?
5
Suppose -2271 = -2*u - 3*p, 1856 + 2662 = 4*u - 2*p. What is the tens digit of u?
3
Let c(s) be the second derivative of 14/3*s**3 + 0 + 6*s - 1/2*s**2. What is the tens digit of c(1)?
2
Suppose 0 = -17*v - 3*v + 76780. What is the tens digit of v?
3
Let j be ((-16)/(-3))/((-6)/(-45)). Suppose 3*v - j = 7*v. What is the units digit of (-1 - -1) + (v - -61)?
1
Suppose 3*w + 28 = w. Let i = w - -16. What is the units digit of i + 10 - (2 + -1)?
1
Suppose 308 = 5*o - 1397. What is the tens digit of o?
4
What is the units digit of ((-420)/7)/(-12) + (13 - -1)?
9
Let a be 6/3 - 2/1. Suppose 0 = -5*p - w + 365, a*p + 5*p = w + 375. What is the units digit of p?
4
Let f(b) = b - 13. Let m be f(13). Suppose q - d + 6*d - 46 = 0, m = -2*q + 3*d + 53. What is the tens digit of q?
3
Suppose 0*o + 4*o = -44. Let l = o - -13. Suppose l*p + 7*p = 684. What is the units digit of p?
6
Let l be (367/2)/(2/(16/(-2))). Let b = -491 - l. What is the hundreds digit of b?
2
Suppose -4*j + 8 = 4*w, 3*j + 0*w + w = 12. Suppose 27*k + 1332 = 33*k. Suppose 37 = -j*m + k. What is the tens digit of m?
3
Let j(w) be the first derivative of 141*w**2/2 + w + 4. What is the tens digit of j(1)?
4
Let n be 2/3 - 2177/21. Let b = n + 58. What is the units digit of ((-6)/(-9))/((-3)/b)?
0
Let f(k) = -k**3 - 28*k**2 - 19*k + 19. What is the units digit of f(-30)?
9
What is the hundreds digit of (8/2 - 1) + 403 + 50?
4
What is the thousands digit of (-2 - -2355) + (-9)/(63/56)?
2
Let h = -55 - 22. Let b = -45 - h. What is the units digit of b?
2
Let c = -16 + 16. Suppose 5*w - 324 - 176 = c. Suppose -w = -z - 3*z. What is the units digit of z?
5
Let p(k) = -k**2 - k - 1. Let n(a) = -7*a**2 + 12*a - 4. Let l(o) = n(o) - 6*p(o). Let g be l(12). Let j = 129 - g. What is the tens digit of j?
5
Suppose 350 = c + 27. What is the units digit of c?
3
Suppose -62 = -5*u + 73. Suppose -65 = -24*t + 199. Let s = u + t. What is the tens digit of s?
3
Let q = 1549 + -186. What is the hundreds digit of q?
3
Let u(n) = 2*n - 6. Suppose -2*x - 3*w + 9 + 5 = 0, 4*x + 4*w - 24 = 0. Let f be u(x). Suppose 8 = f*c - m - 15, -4*m + 62 = 3*c. What is the units digit of c?
4
Suppose 27*z - 3864 = 19383. What is the units digit of z?
1
Suppose 64*d = 13*d + 55743. What is the hundreds digit of d?
0
Suppose 88306 = 14*g + 17592. What is the thousands digit of g?
5
Let g be -1 - (1 - 2)/(-2 + 3). Suppose -8 = -4*a, 3*a = -g*s + 4*s - 90. What is the units digit of s?
4
Let y(m) = 3*m**3 - 38*m**2 + 30*m - 33. What is the thousands digit of y(15)?
1
Let y(v) = 101*v**2 - 7*v + 2. What is the tens digit of y(-6)?
8
Let p = 34 + -74. Let v = -16 - p. What is the tens digit of (5 - 2) + (v - -4)?
3
Suppose 6*q + 27 + 3 = 0. What is the tens digit of 28*(-5)/(-2) - q?
7
Let y(c) = 4*c**3 - c**2 + 5*c + 2. What is the units digit of y(6)?
0
What is the tens digit of 4/(-22) + 13 + 319099/121?
5
Let b(v) = -v**2 + 6*v - 3. Let c be b(2). Suppose 7 = 2*t + c. Let o(h) = 26*h**3 - 2*h + 1. What is the units digit of o(t)?
5
Let u(q) = q**3 + 8*q**2 - 9*q + 3. Let f be u(-9). Suppose 2*s + 2 = f*r - r, 20 = 4*r. What is the units digit of (402/12)/(2/s)?
7
Suppose d - 4 = -3. Let a = d - 1. Suppose z + z - 36 = a. What is the units digit of z?
8
Let t be (-3 + (-3 - -9))*1. Suppose 5*m = -2*d + 488, -4*m - 300 = -7*m - t*d. Suppose -4*q + m = -2*q. What is the tens digit of q?
4
Let p(l) = -73*l**3 + l. Let h be p(-1). Suppose 2*v + h = 6*v. Suppose -3*d = -v - 15. What is the units digit of d?
1
Let g(y) = 2*y**2 + 27*y - 9. Let w be g(-14). Suppose w*l = 2*l + 3*a + 123, 4*a = 5*l - 205. What is the tens digit of l?
4
Suppose 0 = -0*f + 2*f - 16. Suppose -13*k + f*k = 45. Let o = k - -13. What is the units digit of o?
4
Let f be (2 + 33/(-12))/((-2)/16). What is the tens digit of f/3 - 10*-8?
8
Let k(g) = -8*g**2 - 20*g - 67. Let d(y) = 11*y**2 + 30*y + 101. Let b(f) = -5*d(f) - 7*k(f). What is the units digit of b(-13)?
3
Suppose 2*f + 6 = 5*f, 3*v - 4*f - 1048 = 0. Suppose 0 = -0*z - 2*z + 2, 2*z = -5*n + v. What is the units digit of n?
0
Let g(n) = -9 + 1 + 31*n + 28*n. What is the tens digit of g(2)?
1
Let j(d) be the second derivative of d**6/18 + d**5/120 + d**4/24 - 4*d**3/3 - 2*d. Let r(f) be the second derivative of j(f). What is the tens digit of r(1)?
2
Let z(t) = -198*t + 1. Let c(o) = -3*o + 5. Let n be c(2). What is the tens digit of z(n)?
9
Suppose 4*q + 3*f + 279 = 0, -5*f - 350 = 7*q - 2*q. Let o = q + 140. What is the units digit of o?
1
What is the units digit of (279/(-3))/(-6 - -5)?
3
Suppose -m + 24 = 5*f, -f - 4 = -5*m + 3*m. Suppose -i + 295 = m*i. What is the tens digit of i?
5
Let f(v) = -v**3 - 3*v**2 + 3*v - 10. Let x be f(-5). Let s = x + 41. What is the units digit of s?
6
Let l(x) be the second derivative of x**3/3 + 13*x**2/2 - 10*x. What is the units digit of l(-5)?
3
Suppose -4*d - 37 = -5*o, 7 = -o - d - 3*d. Suppose -3*p - k + 0*k = -574, -o*k - 186 = -p. What is the units digit of p?
1
Let a = -873 + 1459. What is the hundreds digit of a?
5
What is the thousands digit of (-10678)/(-8) + 200/160?
1
Suppose o = 2*o + 3*o. Suppose 3*n - 4*d - 27 = -d, o = -5*n + 4*d + 46. What is the units digit of n?
0
Let n(f) = 3*f**3 + 8*f**2 - 43*f - 12. What is the tens digit of n(9)?
3
Suppose 3*m - 184 = -16. What is the units digit of m?
6
Let x = 191 - 280. Let b = x + 178. What is the tens digit of b?
8
Let f be (2/(-3))/(-1)*54. Suppose -3*l + w + 78 = -f, -3*w + 114 = 3*l. Let q = l - -5. What is the tens digit of q?
4
Let h(t) = t**2 + 13*t - 11. Let d be (56/12)/(1/(-3)). Let r be h(d). Suppose 0 = -r*k, 3*k - 23 = -6*s + 5*s. What is the units digit of s?
3
Let t be 38/(-171) - (-56)/9. Suppose t*n - 12 = 3*n. Suppose -n*s - 36 = -6*s. What is the units digit of s?
8
Suppose 4*d - 4*r - 128 = 0, 3*r + 164 = 5*d - 0*r. Suppose -d - 42 = -4*o. What is the units digit of o?
9
Suppose -4*w - 79*n = -78*n - 3687, -4*n = 4. What is the units digit of w?
2
Suppose 89 = 4*i + f, -f + 86 = 4*i - 3*f. What is the units digit of i?
2
Suppose -d = 15 + 5. Let n be (24/d)/(6/15). What is the units digit of (1/n)/(2/(-234))?
9
Suppose -3*w = p - 2740, -5*w = -3*w - 2*p - 1840. What is the units digit of w?
5
Suppose -h + 49 = 4*a, -287 + 106 = -3*h + 5*a. Suppose -8*x = -5*x - h. What is the tens digit of x?
1
Let u = -5 + 5. Suppose -11*k + 13*k + 282 = u. What is the units digit of k/6*-2 + 0?
7
What is the tens digit of (-147408)/(-166) - 2/(4/14)?
8
Let q = 296 - 179. What is the units digit of q?
7
Let q(y) = 39*y - 2. Let r be q(7). Suppose -5 = 5*w, 0*d = 4*d - 5*w + r. Let o = -47 - d. What is the tens digit of o?
2
Suppose 3*s = 3*k - 21, -5*s = 4*k + 13 - 41. Suppose 0 = 2*j - 3*j - 2*u + k, 3*j + 2*u = 25. What is the units digit of j?
9
Let g(q) = -52*q**3 + q + 6. What is the tens digit of g(-3)?
0
Suppose -4*r + 1407 = -1177. What is the tens digit of r/10 + (-2)/(-5)?
6
What is the thousands digit of 163776/64 + (-2)/1?
2
Let j = 260 - -972. What is the hundreds digit of j?
2
Let k = 372 - -88. Suppose -k = -0*f - 5*f. Suppose n = 5*d + 32, 2*n = 5*d + f - 23. What is the units digit of n?
7
Let b be 14/1*(-10)/(-7). Suppose -2*c + b = -4*z + 3*c, 2*z - 4*c + 16 = 0. Suppose z = g + 10 - 29. What is the units digit of g?
9
Suppose -8 = -4*w + 4*l, -2*w - 4*l + 14 = 4. Suppose -2*h + w*h = 106. What is the hundreds digit of h?
1
Suppose -21*s - 12 = -24*s, 0 = 4*g - 2*s - 4508. What is the hundreds digit of g?
1
Suppose 10*t = 12*t. Suppose t = 5*g - 2*g - 6. Suppose 0*y + 66 = g*y. What is the tens digit of y?
3
Let j(u) = 36*u + 2 + 2 - 3 - 37*u. Let p be j(-7). Suppose 0 = 2*d - 62 - p. What is the units digit of d?
5
Suppose 8*c - 6*c = -i + 340, -4*c = 4*i - 1360. What is the units digit of i?
0
Let h(y) = -y**3 + 75*y**2 + 59*y + 93. What is the thousands digit of h(75)?
4
Let a(d) = -d**3 - d**2 + 4. Suppose 0 = 5*c - 0